{"id":275,"date":"2018-03-21T08:16:13","date_gmt":"2018-03-21T07:16:13","guid":{"rendered":"http:\/\/xn--bchli-park-q5a.ch\/?page_id=275"},"modified":"2018-03-21T08:41:42","modified_gmt":"2018-03-21T07:41:42","slug":"kontakt","status":"publish","type":"page","link":"https:\/\/xn--bchli-park-q5a.ch\/index.php\/kontakt\/","title":{"rendered":"Kontakt"},"content":{"rendered":"<div id=\"pl-275\"  class=\"panel-layout\" ><div id=\"pg-275-0\"  class=\"panel-grid panel-no-style\" ><div id=\"pgc-275-0-0\"  class=\"panel-grid-cell\" ><div id=\"panel-275-0-0-0\" class=\"so-panel widget widget_sow-editor panel-first-child panel-last-child\" data-index=\"0\" ><div class=\"so-widget-sow-editor so-widget-sow-editor-base\"><h3 class=\"widget-title\">F\u00fcr Ausk\u00fcnfte stehe ich Ihnen gerne zur Verf\u00fcgung!<\/h3>\n<div class=\"siteorigin-widget-tinymce textwidget\">\n\t<p>Verwaltung B\u00e4chli-Park<\/p>\n<p><img loading=\"lazy\" class=\"wp-image-285 alignleft\" src=\"http:\/\/xn--bchli-park-q5a.ch\/wp-content\/uploads\/2018\/03\/Valentin3-150x150.jpg\" alt=\"\" width=\"192\" height=\"192\" \/><\/p>\n<p style=\"text-align: left;\">Valentin Purtschert<\/p>\n<p style=\"text-align: left;\">Hauptstrasse 66<\/p>\n<p style=\"text-align: left;\">8264 Eschenz<\/p>\n<p style=\"text-align: left;\"><a href=\"mailto:info@pp-reklamen.ch\">info@pp-reklamen.ch<\/a><\/p>\n<p style=\"text-align: left;\"><a href=\"tel:0527411816\">052 741 18 16<\/a><\/p>\n<\/div>\n<\/div><\/div><\/div><div id=\"pgc-275-0-1\"  class=\"panel-grid-cell\" ><div id=\"panel-275-0-1-0\" class=\"widget_text so-panel widget widget_custom_html panel-first-child panel-last-child\" data-index=\"1\" ><h3 class=\"widget-title\">Kontaktformular<\/h3><div class=\"textwidget custom-html-widget\"><div role=\"form\" class=\"wpcf7\" id=\"wpcf7-f279-o1\" lang=\"de-DE\" dir=\"ltr\">\n<div class=\"screen-reader-response\"><p role=\"status\" aria-live=\"polite\" aria-atomic=\"true\"><\/p> <ul><\/ul><\/div>\n<form action=\"\/index.php\/wp-json\/wp\/v2\/pages\/275#wpcf7-f279-o1\" method=\"post\" class=\"wpcf7-form init\" novalidate=\"novalidate\" data-status=\"init\">\n<div style=\"display: none;\">\n<input type=\"hidden\" name=\"_wpcf7\" value=\"279\" \/>\n<input type=\"hidden\" name=\"_wpcf7_version\" value=\"5.4.2\" \/>\n<input type=\"hidden\" name=\"_wpcf7_locale\" value=\"de_DE\" \/>\n<input type=\"hidden\" name=\"_wpcf7_unit_tag\" value=\"wpcf7-f279-o1\" \/>\n<input type=\"hidden\" name=\"_wpcf7_container_post\" value=\"0\" \/>\n<input type=\"hidden\" name=\"_wpcf7_posted_data_hash\" value=\"\" \/>\n<\/div>\n<p><label> Ihr Name (Pflichtfeld)<br \/>\n    <span class=\"wpcf7-form-control-wrap your-name\"><input type=\"text\" name=\"your-name\" value=\"\" size=\"40\" class=\"wpcf7-form-control wpcf7-text wpcf7-validates-as-required\" aria-required=\"true\" aria-invalid=\"false\" \/><\/span> <\/label><\/p>\n<p><label> Ihre E-Mail-Adresse (Pflichtfeld)<br \/>\n    <span class=\"wpcf7-form-control-wrap your-email\"><input type=\"email\" name=\"your-email\" value=\"\" size=\"40\" class=\"wpcf7-form-control wpcf7-text wpcf7-email wpcf7-validates-as-required wpcf7-validates-as-email\" aria-required=\"true\" aria-invalid=\"false\" \/><\/span> <\/label><\/p>\n<p><label> Ihre Nachricht (Pflichtfeld)<br \/>\n    <span class=\"wpcf7-form-control-wrap your-message\"><textarea name=\"your-message\" cols=\"40\" rows=\"10\" class=\"wpcf7-form-control wpcf7-textarea wpcf7-validates-as-required\" aria-required=\"true\" aria-invalid=\"false\"><\/textarea><\/span> <\/label><\/p>\n<p><input type=\"submit\" value=\"Senden\" class=\"wpcf7-form-control wpcf7-submit\" \/><\/p>\n<div class=\"wpcf7-response-output\" aria-hidden=\"true\"><\/div><\/form><\/div><\/div><\/div><\/div><\/div><\/div>","protected":false},"excerpt":{"rendered":"<p>Verwaltung B\u00e4chli-Park Valentin Purtschert Hauptstrasse 66 8264 Eschenz info@pp-reklamen.ch 052 741 18 16<\/p>\n","protected":false},"author":1,"featured_media":0,"parent":0,"menu_order":0,"comment_status":"closed","ping_status":"closed","template":"","meta":[],"_links":{"self":[{"href":"https:\/\/xn--bchli-park-q5a.ch\/index.php\/wp-json\/wp\/v2\/pages\/275"}],"collection":[{"href":"https:\/\/xn--bchli-park-q5a.ch\/index.php\/wp-json\/wp\/v2\/pages"}],"about":[{"href":"https:\/\/xn--bchli-park-q5a.ch\/index.php\/wp-json\/wp\/v2\/types\/page"}],"author":[{"embeddable":true,"href":"https:\/\/xn--bchli-park-q5a.ch\/index.php\/wp-json\/wp\/v2\/users\/1"}],"replies":[{"embeddable":true,"href":"https:\/\/xn--bchli-park-q5a.ch\/index.php\/wp-json\/wp\/v2\/comments?post=275"}],"version-history":[{"count":39,"href":"https:\/\/xn--bchli-park-q5a.ch\/index.php\/wp-json\/wp\/v2\/pages\/275\/revisions"}],"predecessor-version":[{"id":281,"href":"https:\/\/xn--bchli-park-q5a.ch\/index.php\/wp-json\/wp\/v2\/pages\/275\/revisions\/281"}],"wp:attachment":[{"href":"https:\/\/xn--bchli-park-q5a.ch\/index.php\/wp-json\/wp\/v2\/media?parent=275"}],"curies":[{"name":"wp","href":"https:\/\/api.w.org\/{rel}","templated":true}]}}